**2 + 9*d - 2. Let c = 6 + 1. Does 12 divide y(c)?
True
Suppose 2*f = -3*f + 200. Let k = 67 - 61. Suppose h - k*h = -f. Does 8 divide h?
True
Let a = -24 + 152. Does 12 divide a?
False
Let x(i) = -3*i**3 + i**2 - 5*i + 4. Let z(a) = -a**3 + a**2 - a + 1. Let j(f) = x(f) - 4*z(f). Is j(4) a multiple of 7?
False
Let y be 3/6*2*13. Suppose 0 = 4*v - 12, 0 = -3*p + 4*p - 5*v - y. Suppose 23 = 3*a - p. Is a a multiple of 8?
False
Suppose z = 5*r + 3, -3*r - 3 = -z - 0. Let f(b) = 4*b**2 - b - 7. Does 13 divide f(z)?
True
Suppose -140 = 5*q - 0*q. Let g = q + 48. Is 18 a factor of g?
False
Let m(h) = -h**3 - 10*h**2 - 9*h + 2. Let d be m(-9). Is 13 a factor of 1/2*104/d?
True
Let f be (-6)/(-4)*28/21. Suppose f*q + 6 = 5*k, 4*q - q = -3*k + 12. Suppose 2*t - 17 = -x, -3*t - 2 = -x - q*t. Is x a multiple of 3?
False
Let n(s) = -2*s - 2. Let b be n(-6). Suppose 3*w + 12 = 5*d - 2, -2*d + b = w. Is 2 a factor of w?
True
Is 4 a factor of 10 + (6/(-2) - -5)?
True
Let v be (2*1)/(2/4). Suppose r - 2*y + 26 = -r, -v*r - 32 = y. Let f = r + 14. Does 4 divide f?
False
Let h = 2 + -5. Does 12 divide (-4 + h + 1)*-6?
True
Let t(q) = -q**3 + 10*q**2 + 4*q + 17. Is t(6) a multiple of 37?
True
Suppose q - 4*q = -84. Is 7 a factor of q?
True
Let g be (-3 + 2 - -1)*(-5)/5. Let u = -4 - -14. Let m = g + u. Is m a multiple of 3?
False
Let t(u) = 7*u**2 + 4*u - 3. Let y(q) = -13*q**2 - 8*q + 5. Let w(s) = -11*t(s) - 6*y(s). Let v be w(-2). Is v + 0 - (0 + -25) a multiple of 15?
False
Let a = -53 + 35. Let o = a - -24. Is o a multiple of 3?
True
Suppose -4*k + 4 = -0*k. Is k + 0 + -3 + 6 even?
True
Suppose 0 = -4*x - 4*v + 376, -3*x - 3*v = x - 373. Is x a multiple of 13?
True
Let p = 12 - 7. Suppose 2*i - p = 5. Suppose -4*h - i*y + 18 = -8, 0 = -5*h + y + 18. Does 4 divide h?
True
Does 6 divide ((-9)/(-6))/3*1638/21?
False
Let q be ((-1)/(-2))/(1/6). Let w(g) = 35*g + 3 - q + 1. Is 18 a factor of w(1)?
True
Let o = -38 + 164. Is 21 a factor of o?
True
Suppose 3*m + 0 = -3, -r - 5*m = 9. Let z(q) = -7*q**2 - 6*q - 4. Let x(d) = 8*d**2 + 6*d + 4. Let a(b) = -5*x(b) - 6*z(b). Is 6 a factor of a(r)?
True
Let a = 262 + -160. Is 34 a factor of a?
True
Let v be 2/2 + 2 + -15. Let h = 33 + v. Let d = -1 + h. Is 10 a factor of d?
True
Let w = 27 + -22. Is w a multiple of 5?
True
Let c(v) = v**3 + v**2 - v + 6. Let z(d) = -2*d + 0*d + 14 + 4 + 2*d**2 + 4*d**3. Let i(q) = -7*c(q) + 2*z(q). Does 11 divide i(4)?
True
Suppose -8*b + 4*b = -m - 215, 4*b - 225 = -m. Is 11 a factor of b?
True
Let z = -12 - -17. Let x be (-17)/(-5) + (-2)/5. Suppose -2*n = z*t - 87, -x*n - t - 141 = -7*n. Does 11 divide n?
False
Let n = -315 + 513. Does 33 divide n?
True
Suppose 5*c - 3*u - 53 = 89, 2*c - 59 = -u. Does 25 divide c?
False
Suppose 3*t - 2 = -8. Is 9 a factor of 11 + (0 - t/(-1))?
True
Suppose -w + 5 = 0, 4*w + 1140 = 5*a - w. Is a a multiple of 8?
False
Let d(t) = -t**2 - 3*t - 1. Let j be d(-2). Let l(g) = -23*g + 1. Let w be l(j). Let a = -12 - w. Does 10 divide a?
True
Suppose 3*h + 6*w + 11 = w, -5*w = -25. Is (h + 2)*6/(-4) a multiple of 12?
False
Suppose 0 = -4*j + 14 + 26. Is j a multiple of 6?
False
Suppose -d + 9 = -2*d. Is 3 a factor of 9/6*(-24)/d?
False
Let q be 21/(-4) + 3/12. Is 15 a factor of (6/q)/((-3)/75)?
True
Is 17 a factor of 16/(-104) + 4424/26?
True
Suppose 2*j = -7*j + 261. Is j a multiple of 29?
True
Let c = 18 - 14. Suppose 3*d - y = 51, 2*d - c*d + 34 = -y. Does 3 divide d?
False
Suppose -5*g - j = -652, 4*g - 4*j = -102 + 614. Does 28 divide g?
False
Let y(k) = -6*k - 9. Is 5 a factor of y(-4)?
True
Suppose 7*n - 2*n = -t + 133, 4*t - 4*n - 460 = 0. Is 9 a factor of t?
False
Let g(o) = 5*o**2 - 6*o - 6. Let u(y) = y + 1. Let c(p) = 6*p**2 - 18*p - 18. Let z(x) = c(x) + 12*u(x). Let i(f) = -5*g(f) + 4*z(f). Is i(6) a multiple of 6?
True
Let p = 14 + -10. Is p/14 - 1810/(-35) a multiple of 11?
False
Suppose 0 = -5*b - 2*b + 770. Is b a multiple of 11?
True
Suppose 4*y - 3*r = 0, -y - 7*r = -3*r. Let g be 107/5 + 2/(-5). Suppose -2*o + 52 = 5*p, 0 = -2*p - o - y*o + g. Is 10 a factor of p?
True
Is -164*(5 - 33/6) a multiple of 4?
False
Let s(x) = -x**3 - 5*x**2 - 9*x + 8. Let j be s(-8). Suppose 3*u = -0*u + k + 194, 4*u - j = 4*k. Is u a multiple of 18?
False
Suppose 33 = -5*w + 4*a, -5*a + 6 - 1 = w. Let i be (4/(-2))/(6/9). Does 15 divide (1 - (1 - w))*i?
True
Is 17 a factor of (102/24)/(2/8)?
True
Let d(l) be the first derivative of -1/2*l**2 - l + 1 - 5/4*l**4 - 1/3*l**3. Is d(-1) a multiple of 3?
False
Suppose 9 = 3*t - 33. Let n be 92/t + (-3)/(-7). Suppose -3*k - 8 = -n*k. Does 2 divide k?
True
Let r(p) be the third derivative of p**4/8 - 2*p**3/3 - p**2. Let a = 11 - 7. Does 3 divide r(a)?
False
Suppose -22 = -2*b - 6. Suppose 3*h = -h + b. Suppose h*c - 6 = c. Is c a multiple of 3?
True
Is 5 a factor of 55/11*(4 - -1)?
True
Let t = 13 + -15. Let d(x) = 12*x**2 + 2*x. Is 14 a factor of d(t)?
False
Is 8 a factor of (-3)/9 + 289/3?
True
Suppose -4*b + 10 - 2 = 0. Suppose -v - b*l + 26 = 5, -3*v + 83 = l. Is v a multiple of 5?
False
Let q = 30 - 19. Is q a multiple of 11?
True
Suppose -10 = p - 4*w - 3, -19 = -5*p + 2*w. Is 5 a factor of p?
True
Let p(v) = -v**2 - 3*v. Let x be p(-3). Let a = 0 - -3. Suppose 2*w + a*w - 85 = x. Is w a multiple of 13?
False
Suppose 6*k - 15 = k. Suppose -5*g + 80 = 2*x, -3*x + 2*g = -k*g - 70. Suppose 0 = -5*i + 4*p + 49, -17 - x = -5*i + 2*p. Is 4 a factor of i?
False
Let r = -34 - -64. Is 8 a factor of r?
False
Let n = 168 + -120. Is n a multiple of 8?
True
Let q = 0 + -2. Let m be (-6 - -2)*q/(-4). Is -2*m/(-4)*-19 a multiple of 6?
False
Let m = -8 - -8. Suppose -5*d + m*d + 60 = 0. Does 4 divide d?
True
Let t = 10 - -2. Is 12 a factor of t?
True
Let o = 544 - 269. Does 13 divide o?
False
Does 17 divide (-59)/(-4)*(12 - 8)?
False
Suppose 4*w - 2 = 6. Suppose w*i + 8 = 0, -h + i + 2*i + 78 = 0. Let q = h + -34. Is 10 a factor of q?
False
Suppose 0 = q - 5, -q - 35 = 8*f - 3*f. Let p = 29 - f. Does 8 divide p?
False
Let j(g) = -34*g - 2. Does 8 divide j(-1)?
True
Suppose 3*c = 8*c + 5. Is 4 a factor of 3*c + (-36)/(-4)?
False
Suppose -4 = -3*d + d. Let y be 2 + 2 + d + 1. Let l(a) = a**3 - 6*a**2 - 8*a + 9. Is l(y) even?
True
Let y be -17*(2 + (-1)/1). Let n = 1 - y. Is n a multiple of 9?
True
Let g(p) = 20*p - 8. Suppose -3*w - 3*r + 12 = 0, -r = w - 2*w + 10. Let s(u) = -21*u + 9. Let j(q) = w*g(q) + 6*s(q). Is 23 a factor of j(2)?
False
Let a(i) = i + 16. Does 5 divide a(-5)?
False
Suppose 5*l = 6*l. Is (l + (-11)/2)*-2 a multiple of 9?
False
Let m(p) = -2*p + 125. Let z be m(0). Suppose -v + z = 4*v. Does 13 divide v?
False
Let g(t) = -12 + 4*t + 2 - 2*t. Let k = 17 + -9. Is g(k) a multiple of 6?
True
Let x be (-2)/(-9) - 5880/(-27). Let z = x + -136. Is z a multiple of 21?
False
Let b be (-2)/((-566)/(-190) + -3). Let f = b - 56. Is 17 a factor of f?
False
Let i(m) = 4*m + 2. Is i(4) a multiple of 9?
True
Suppose -644 = 5*o - 4*c, o = 6*o - 2*c + 642. Let m be 3/1 - (3 + -4). Is 9 a factor of o/(-7) - m/14?
True
Let x(c) = c**3 - 4*c**2 - 8*c - 8. Is x(6) a multiple of 4?
True
Let h(q) = -q - 2. Let o be h(0). Let k be (-2)/2 + 2 + -3. Does 12 divide (o*(k + -4))/1?
True
Let n(s) = 23*s + 13. Let b(v) = -34*v - 19. Let r(q) = 5*b(q) + 7*n(q). Is 16 a factor of r(-4)?
True
Suppose 5*z - 2 = -7, -5*m + 22 = -2*z. Suppose f + 6 = 2*h, 2 = 5*h + 2*f - m. Suppose -h*b = 3*b - 105. Does 8 divide b?
False
Let d = 0 + 22. Is d a multiple of 6?
False
Let p be -7 + (-1 - -3) + -3. Let j(q) = -q**3 - 8*q**2 - 7*q + 1. Does 20 divide j(p)?
False
Let r be (-7 + 1)*1/(-1). Let c be 4 + 4/r*-3. Does 6 divide (2 - (c + -1))*6?
True
Suppose -a - 9 = -4*h - 4*a, 0 = -3*h + a + 10. Suppose -v + 1 = h*l, -3*l = v + v - 14. Does 13 divide v?
True
Is -1*2*(-220)/40 a multiple of 3?
False
Let r(a) = -4*a - 2. Let z be r(-7). Let t = 93 - z. Is t a multiple of 10?
False
Suppose -2*v + 233 = -5*k + 41, 0 = 4*v - 3*k - 384. Does 12 divide v?
True
Suppose 41 = 2*p + t, 3*p + 2*t + 0*t = 62. Is 3 a factor of p?
False
Let h = 17 + 5. Is h a multiple of 2?
True
Let u(z) = 33*z**2 - z. Let c be u(-3). Suppose 7*p - c = 2*p. Suppose -4*l + 6*l - p = 0. Is l a multiple of 15?
True
Let g(x) = x**3 - 4*x**2 - 2*x - 4. Suppose 5*a + n = -2*n + 22,